
3
Calculate the highest common divisor of 91 and 38324.
13
Calculate the greatest common divisor of 7245 and 7845.
15
What is the greatest common factor of 516 and 30788?
172
Calculate the highest common divisor of 84600 and 5025.
75
What is the highest common divisor of 2034 and 840720?
678
Calculate the highest common factor of 32 and 4198712.
8
Calculate the greatest common divisor of 910 and 254345.
455
Calculate the greatest common divisor of 266079 and 429.
33
Calculate the highest common divisor of 519 and 4824.
3
What is the highest common divisor of 1815 and 12309?
33
Calculate the greatest common divisor of 46276 and 1564.
92
What is the greatest common factor of 250320 and 2226?
42
Calculate the highest common factor of 225225 and 297.
99
Calculate the greatest common factor of 11452811 and 61.
61
What is the highest common factor of 34 and 1167?
1
Calculate the highest common divisor of 12513 and 2451.
129
What is the highest common divisor of 315 and 648360?
45
Calculate the greatest common divisor of 28258 and 24708.
142
What is the highest common divisor of 4607 and 816?
17
Calculate the highest common divisor of 149944 and 8.
8
Calculate the highest common factor of 7 and 262906.
7
Calculate the highest common factor of 683403 and 147.
147
Calculate the highest common divisor of 125592 and 1992.
24
What is the highest common divisor of 7409 and 31?
31
What is the greatest common factor of 755 and 5?
5
Calculate the highest common divisor of 77122 and 1.
1
Calculate the greatest common divisor of 14693 and 35.
7
What is the greatest common divisor of 4041 and 639?
9
What is the greatest common divisor of 148 and 288267?
37
What is the highest common divisor of 2306 and 4?
2
Calculate the greatest common divisor of 25 and 24669425.
25
Calculate the highest common divisor of 29815 and 603.
67
Calculate the highest common factor of 12240 and 227160.
360
What is the highest common factor of 54 and 1842?
6
Calculate the greatest common factor of 121446 and 4.
2
Calculate the greatest common divisor of 2456209 and 7.
7
Calculate the greatest common factor of 85 and 207060.
85
Calculate the greatest common factor of 316 and 2772.
4
What is the highest common factor of 3818 and 4150?
166
What is the highest common divisor of 15575 and 801?
89
What is the highest common factor of 185318 and 686?
98
Calculate the greatest common factor of 248 and 561348.
124
Calculate the greatest common factor of 59176 and 312.
104
Calculate the highest common factor of 494343 and 34.
17
What is the greatest common factor of 121084 and 4?
4
Calculate the highest common divisor of 70020 and 585.
45
Calculate the highest common divisor of 960 and 30540.
60
What is the highest common divisor of 159 and 13303?
53
What is the highest common divisor of 328 and 233618?
82
What is the greatest common factor of 28060 and 140?
20
Calculate the highest common factor of 550 and 28050.
550
Calculate the greatest common factor of 195349 and 43.
43
What is the highest common factor of 1056 and 269214?
66
What is the highest common divisor of 1820 and 48020?
140
What is the highest common divisor of 261 and 1017?
9
Calculate the highest common factor of 970 and 600.
10
What is the greatest common factor of 459184 and 11?
11
Calculate the greatest common factor of 22827 and 357.
21
What is the highest common divisor of 25880 and 740?
20
What is the highest common divisor of 29484 and 96?
12
Calculate the greatest common factor of 1641 and 54.
3
What is the highest common divisor of 435028 and 22?
22
Calculate the greatest common factor of 544782 and 102.
102
Calculate the highest common factor of 83904 and 12654.
114
What is the highest common divisor of 231484 and 968?
44
Calculate the greatest common divisor of 1030 and 865715.
515
Calculate the greatest common factor of 9 and 851049.
9
What is the highest common divisor of 10393 and 152?
19
Calculate the highest common factor of 6525 and 11484.
261
What is the highest common factor of 729989 and 6266?
3133
What is the greatest common factor of 3589 and 6208?
97
What is the greatest common factor of 6038460 and 180?
180
What is the highest common factor of 1592813 and 37?
37
Calculate the highest common divisor of 3004 and 35378108.
3004
What is the highest common factor of 357 and 12012?
21
What is the greatest common divisor of 2741051 and 29?
29
What is the greatest common factor of 16 and 11728?
16
What is the highest common divisor of 9737 and 455?
91
What is the highest common divisor of 308472 and 32?
8
Calculate the highest common divisor of 208 and 313820.
52
Calculate the highest common divisor of 52 and 573820.
52
What is the highest common divisor of 48433 and 238?
119
Calculate the greatest common factor of 36461 and 505.
101
What is the greatest common divisor of 656704 and 128?
64
What is the greatest common divisor of 43483 and 221100?
737
Calculate the highest common factor of 11441 and 85.
17
Calculate the greatest common divisor of 472 and 2273034.
118
Calculate the greatest common factor of 7531 and 1047252.
443
What is the greatest common divisor of 212 and 2597?
53
What is the highest common factor of 74 and 541162?
74
Calculate the highest common factor of 2141525 and 25.
25
Calculate the highest common factor of 10386 and 276.
6
What is the highest common divisor of 1668 and 4116?
12
Calculate the greatest common divisor of 40 and 2465.
5
What is the greatest common divisor of 39750 and 2520?
30
What is the greatest common divisor of 463708 and 28?
28
Calculate the highest common divisor of 441055 and 10.
5
What is the greatest common divisor of 24094 and 63?
7
What is the highest common divisor of 10 and 85130?
10
What is the greatest common factor of 1599 and 40911?
39
What is the highest common divisor of 24698 and 7689?
233
Calculate the highest common divisor of 50 and 55010.
10
What is the greatest common divisor of 1289798 and 2?
2
What is the greatest common factor of 1638 and 14000?
14
What is the highest common divisor of 1378 and 9854?
26
What is the highest common factor of 72 and 37458?
18
Calculate the greatest common divisor of 3252 and 120.
12
Calculate the highest common factor of 181680 and 48.
48
What is the highest common divisor of 63 and 27559?
7
Calculate the greatest common divisor of 18929 and 43619.
823
Calculate the highest common divisor of 7624360 and 20.
20
Calculate the greatest common factor of 504 and 26552.
8
Calculate the highest common divisor of 18536 and 1358.
14
What is the highest common factor of 298188 and 72?
36
What is the greatest common divisor of 77 and 76685?
7
Calculate the highest common factor of 690 and 34086.
138
What is the highest common factor of 166 and 106489?
83
Calculate the greatest common factor of 114945 and 194.
97
Calculate the greatest common factor of 1136 and 4260.
284
What is the greatest common factor of 100331 and 77?
77
Calculate the greatest common factor of 910 and 420.
70
Calculate the greatest common factor of 642911 and 219.
73
What is the greatest common divisor of 13107 and 85?
17
What is the greatest common factor of 1547 and 357?
119
Calculate the highest common divisor of 1157 and 1513.
89
Calculate the highest common divisor of 23465 and 90915.
95
Calculate the greatest common factor of 657900 and 90.
90
Calculate the highest common factor of 1007 and 452618.
19
Calculate the highest common divisor of 6356 and 44038.
454
Calculate the greatest common divisor of 588 and 9556.
4
Calculate the greatest common divisor of 48 and 3156.
12
Calculate the highest common factor of 12835 and 680.
85
Calculate the highest common divisor of 4758 and 611.
13
Calculate the greatest common factor of 530 and 4201310.
530
What is the highest common divisor of 105 and 139755?
105
What is the highest common divisor of 6784 and 323088?
848
What is the greatest common factor of 642 and 13054?
214
Calculate the greatest common factor of 902 and 3.
1
Calculate the highest common factor of 460705 and 35.
35
What is the highest common factor of 8826 and 18?
6
Calculate the highest common factor of 6032 and 468.
52
What is the greatest common divisor of 45 and 227385?
45
What is the greatest common divisor of 132 and 1132692?
132
What